{"id":34,"date":"2024-11-24T04:02:47","date_gmt":"2024-11-24T04:02:47","guid":{"rendered":"https:\/\/recrute.fleexstudio.com\/?page_id=34"},"modified":"2026-01-07T05:47:38","modified_gmt":"2026-01-07T05:47:38","slug":"team","status":"publish","type":"page","link":"https:\/\/abril.neiff.com.ar\/?page_id=34","title":{"rendered":"Nuestro personal"},"content":{"rendered":"\t\t<div data-elementor-type=\"wp-page\" data-elementor-id=\"34\" class=\"elementor elementor-34\">\n\t\t\t\t<div class=\"elementor-element elementor-element-eaebe98 e-flex e-con-boxed e-con e-parent\" data-id=\"eaebe98\" data-element_type=\"container\">\n\t\t\t\t\t<div class=\"e-con-inner\">\n\t\t<div class=\"elementor-element elementor-element-2c14c06 e-con-full e-flex e-con e-child\" data-id=\"2c14c06\" data-element_type=\"container\">\n\t\t\t\t<div class=\"elementor-element elementor-element-873b69a elementor-widget elementor-widget-text-editor\" data-id=\"873b69a\" data-element_type=\"widget\" data-widget_type=\"text-editor.default\">\n\t\t\t\t\t\t\t\t\t<p style=\"caret-color: #000000; color: #000000;\" data-start=\"241\" data-end=\"608\">En la Mutual del Personal del Banco del Chaco trabajamos bajo un principio fundamental:\u00a0<b><span data-start=\"329\" data-end=\"388\">la uni\u00f3n y la solidaridad como base del bienestar com\u00fan<\/span>.<\/b><\/p><p style=\"caret-color: #000000; color: #000000;\" data-start=\"241\" data-end=\"608\"><br data-start=\"389\" data-end=\"392\" \/>Somos una organizaci\u00f3n comprometida con el acompa\u00f1amiento y el crecimiento de nuestros asociados, promoviendo la ayuda mutua, la confianza y la cooperaci\u00f3n como herramientas para construir un futuro m\u00e1s equitativo.<\/p><p style=\"caret-color: #000000; color: #000000;\" data-start=\"610\" data-end=\"906\">Nuestro equipo est\u00e1 conformado por profesionales dedicados, que d\u00eda a d\u00eda ponen su experiencia y vocaci\u00f3n al servicio de la comunidad mutual.<\/p><h5>En esta secci\u00f3n podr\u00e1s conocer a las personas que hacen posible nuestra labor, cada una con el compromiso de seguir construyendo una\u00a0<span data-start=\"1041\" data-end=\"1083\">mutual<\/span> <span data-start=\"1041\" data-end=\"1083\">m\u00e1s<\/span><strong data-start=\"1041\" data-end=\"1083\"> cercana, solidaria y humana<\/strong>.<\/h5>\t\t\t\t\t\t\t\t<\/div>\n\t\t\t\t<\/div>\n\t\t<div class=\"elementor-element elementor-element-7d2fef1 e-con-full e-flex e-con e-child\" data-id=\"7d2fef1\" data-element_type=\"container\">\n\t\t\t\t<div class=\"elementor-element elementor-element-7a10d08 elementor-widget elementor-widget-image\" data-id=\"7a10d08\" data-element_type=\"widget\" data-widget_type=\"image.default\">\n\t\t\t\t\t\t\t\t\t\t\t\t\t\t\t<img fetchpriority=\"high\" decoding=\"async\" width=\"640\" height=\"486\" src=\"https:\/\/abril.neiff.com.ar\/wp-content\/uploads\/2025\/12\/freepik__talk__47751-e1766274524597-768x583.png\" class=\"attachment-medium_large size-medium_large wp-image-3639\" alt=\"\" srcset=\"https:\/\/abril.neiff.com.ar\/wp-content\/uploads\/2025\/12\/freepik__talk__47751-e1766274524597-768x583.png 768w, https:\/\/abril.neiff.com.ar\/wp-content\/uploads\/2025\/12\/freepik__talk__47751-e1766274524597-300x228.png 300w, https:\/\/abril.neiff.com.ar\/wp-content\/uploads\/2025\/12\/freepik__talk__47751-e1766274524597-1024x777.png 1024w, https:\/\/abril.neiff.com.ar\/wp-content\/uploads\/2025\/12\/freepik__talk__47751-e1766274524597-1536x1165.png 1536w, https:\/\/abril.neiff.com.ar\/wp-content\/uploads\/2025\/12\/freepik__talk__47751-e1766274524597.png 1737w\" sizes=\"(max-width: 640px) 100vw, 640px\" \/>\t\t\t\t\t\t\t\t\t\t\t\t\t\t\t<\/div>\n\t\t\t\t<\/div>\n\t\t\t\t\t<\/div>\n\t\t\t\t<\/div>\n\t\t<div class=\"elementor-element elementor-element-8cf1e80 e-flex e-con-boxed e-con e-parent\" data-id=\"8cf1e80\" data-element_type=\"container\">\n\t\t\t\t\t<div class=\"e-con-inner\">\n\t\t\t\t<div class=\"elementor-element elementor-element-ec60eea elementor-widget elementor-widget-heading\" data-id=\"ec60eea\" data-element_type=\"widget\" data-widget_type=\"heading.default\">\n\t\t\t\t\t<h2 class=\"elementor-heading-title elementor-size-default\">Comisi\u00f3n directiva<\/h2>\t\t\t\t<\/div>\n\t\t\t\t\t<\/div>\n\t\t\t\t<\/div>\n\t\t<div class=\"elementor-element elementor-element-d9fa57f e-flex e-con-boxed e-con e-parent\" data-id=\"d9fa57f\" data-element_type=\"container\">\n\t\t\t\t\t<div class=\"e-con-inner\">\n\t\t<div class=\"elementor-element elementor-element-0df4ddf e-con-full e-flex e-con e-child\" data-id=\"0df4ddf\" data-element_type=\"container\">\n\t\t\t\t<div class=\"elementor-element elementor-element-b8cf121 elementor-widget elementor-widget-heading\" data-id=\"b8cf121\" data-element_type=\"widget\" data-widget_type=\"heading.default\">\n\t\t\t\t\t<h2 class=\"elementor-heading-title elementor-size-default\">Monte Natalia Lilian<\/h2>\t\t\t\t<\/div>\n\t\t\t\t<div class=\"elementor-element elementor-element-05446fe elementor-widget elementor-widget-heading\" data-id=\"05446fe\" data-element_type=\"widget\" data-widget_type=\"heading.default\">\n\t\t\t\t\t<h2 class=\"elementor-heading-title elementor-size-default\">Presidente<\/h2>\t\t\t\t<\/div>\n\t\t\t\t<\/div>\n\t\t<div class=\"elementor-element elementor-element-34d1842 e-con-full e-flex e-con e-child\" data-id=\"34d1842\" data-element_type=\"container\">\n\t\t\t\t<div class=\"elementor-element elementor-element-40560db elementor-widget elementor-widget-heading\" data-id=\"40560db\" data-element_type=\"widget\" data-widget_type=\"heading.default\">\n\t\t\t\t\t<h2 class=\"elementor-heading-title elementor-size-default\">Alegre Federico Adrian<\/h2>\t\t\t\t<\/div>\n\t\t\t\t<div class=\"elementor-element elementor-element-9af17b6 elementor-widget elementor-widget-heading\" data-id=\"9af17b6\" data-element_type=\"widget\" data-widget_type=\"heading.default\">\n\t\t\t\t\t<h2 class=\"elementor-heading-title elementor-size-default\">Vicepresidente<\/h2>\t\t\t\t<\/div>\n\t\t\t\t<\/div>\n\t\t<div class=\"elementor-element elementor-element-03c8249 e-con-full e-flex e-con e-child\" data-id=\"03c8249\" data-element_type=\"container\">\n\t\t\t\t<div class=\"elementor-element elementor-element-9cf856a elementor-widget elementor-widget-heading\" data-id=\"9cf856a\" data-element_type=\"widget\" data-widget_type=\"heading.default\">\n\t\t\t\t\t<h2 class=\"elementor-heading-title elementor-size-default\">Mora Angel Rolando<\/h2>\t\t\t\t<\/div>\n\t\t\t\t<div class=\"elementor-element elementor-element-b559b20 elementor-widget elementor-widget-heading\" data-id=\"b559b20\" data-element_type=\"widget\" data-widget_type=\"heading.default\">\n\t\t\t\t\t<h2 class=\"elementor-heading-title elementor-size-default\">Secretario<\/h2>\t\t\t\t<\/div>\n\t\t\t\t<\/div>\n\t\t<div class=\"elementor-element elementor-element-0faaa48 e-con-full e-flex e-con e-child\" data-id=\"0faaa48\" data-element_type=\"container\">\n\t\t\t\t<div class=\"elementor-element elementor-element-d9fdbf9 elementor-widget elementor-widget-heading\" data-id=\"d9fdbf9\" data-element_type=\"widget\" data-widget_type=\"heading.default\">\n\t\t\t\t\t<h2 class=\"elementor-heading-title elementor-size-default\">Gemetro Hector Omar<\/h2>\t\t\t\t<\/div>\n\t\t\t\t<div class=\"elementor-element elementor-element-8a7acb2 elementor-widget elementor-widget-heading\" data-id=\"8a7acb2\" data-element_type=\"widget\" data-widget_type=\"heading.default\">\n\t\t\t\t\t<h2 class=\"elementor-heading-title elementor-size-default\">Prosecretario<\/h2>\t\t\t\t<\/div>\n\t\t\t\t<\/div>\n\t\t<div class=\"elementor-element elementor-element-53ab9b6 e-con-full e-flex e-con e-child\" data-id=\"53ab9b6\" data-element_type=\"container\">\n\t\t\t\t<div class=\"elementor-element elementor-element-3e12579 elementor-widget elementor-widget-heading\" data-id=\"3e12579\" data-element_type=\"widget\" data-widget_type=\"heading.default\">\n\t\t\t\t\t<h2 class=\"elementor-heading-title elementor-size-default\">Pavon Ramon Julian<\/h2>\t\t\t\t<\/div>\n\t\t\t\t<div class=\"elementor-element elementor-element-74d11c6 elementor-widget elementor-widget-heading\" data-id=\"74d11c6\" data-element_type=\"widget\" data-widget_type=\"heading.default\">\n\t\t\t\t\t<h2 class=\"elementor-heading-title elementor-size-default\">Tesorero<\/h2>\t\t\t\t<\/div>\n\t\t\t\t<\/div>\n\t\t<div class=\"elementor-element elementor-element-00cbaa2 e-con-full e-flex e-con e-child\" data-id=\"00cbaa2\" data-element_type=\"container\">\n\t\t\t\t<div class=\"elementor-element elementor-element-3a966c0 elementor-widget elementor-widget-heading\" data-id=\"3a966c0\" data-element_type=\"widget\" data-widget_type=\"heading.default\">\n\t\t\t\t\t<h2 class=\"elementor-heading-title elementor-size-default\">Leguizamon Pamela Jessica<\/h2>\t\t\t\t<\/div>\n\t\t\t\t<div class=\"elementor-element elementor-element-d2aa31b elementor-widget elementor-widget-heading\" data-id=\"d2aa31b\" data-element_type=\"widget\" data-widget_type=\"heading.default\">\n\t\t\t\t\t<h2 class=\"elementor-heading-title elementor-size-default\">Protesorero<\/h2>\t\t\t\t<\/div>\n\t\t\t\t<\/div>\n\t\t\t\t\t<\/div>\n\t\t\t\t<\/div>\n\t\t\t\t<\/div>\n\t\t","protected":false},"excerpt":{"rendered":"<p>En la Mutual del Personal del Banco del Chaco trabajamos bajo un principio fundamental:\u00a0la uni\u00f3n y la solidaridad como base del bienestar com\u00fan. Somos una organizaci\u00f3n comprometida con el acompa\u00f1amiento y el crecimiento de nuestros asociados, promoviendo la ayuda mutua, la confianza y la cooperaci\u00f3n como herramientas para construir un futuro m\u00e1s equitativo. Nuestro equipo [&hellip;]<\/p>\n","protected":false},"author":1,"featured_media":0,"parent":0,"menu_order":0,"comment_status":"closed","ping_status":"closed","template":"elementor_header_footer","meta":{"_monsterinsights_skip_tracking":false,"_monsterinsights_sitenote_active":false,"_monsterinsights_sitenote_note":"","_monsterinsights_sitenote_category":0,"footnotes":""},"class_list":["post-34","page","type-page","status-publish","hentry"],"aioseo_notices":[],"_links":{"self":[{"href":"https:\/\/abril.neiff.com.ar\/index.php?rest_route=\/wp\/v2\/pages\/34","targetHints":{"allow":["GET"]}}],"collection":[{"href":"https:\/\/abril.neiff.com.ar\/index.php?rest_route=\/wp\/v2\/pages"}],"about":[{"href":"https:\/\/abril.neiff.com.ar\/index.php?rest_route=\/wp\/v2\/types\/page"}],"author":[{"embeddable":true,"href":"https:\/\/abril.neiff.com.ar\/index.php?rest_route=\/wp\/v2\/users\/1"}],"replies":[{"embeddable":true,"href":"https:\/\/abril.neiff.com.ar\/index.php?rest_route=%2Fwp%2Fv2%2Fcomments&post=34"}],"version-history":[{"count":83,"href":"https:\/\/abril.neiff.com.ar\/index.php?rest_route=\/wp\/v2\/pages\/34\/revisions"}],"predecessor-version":[{"id":3752,"href":"https:\/\/abril.neiff.com.ar\/index.php?rest_route=\/wp\/v2\/pages\/34\/revisions\/3752"}],"wp:attachment":[{"href":"https:\/\/abril.neiff.com.ar\/index.php?rest_route=%2Fwp%2Fv2%2Fmedia&parent=34"}],"curies":[{"name":"wp","href":"https:\/\/api.w.org\/{rel}","templated":true}]}}